 b(-4). List the prime factors of (-42)/(-4) + l/6.
3
Let w(c) = c**3 - 2*c**2 - 5*c + 3. Suppose -4*b + 3*g - 5 = 0, -5*b - 4*g - 70 + 25 = 0. Let q be 6*b*(-8)/60. List the prime factors of w(q).
3, 5
Suppose 3*t + 0*t + 5*d = -7, -t - 4*d - 14 = 0. Suppose -t*c + 32 = -166. List the prime factors of c.
3, 11
Suppose 4*y - v - 637 = 0, 0*v - 4*v + 652 = 4*y. Suppose 15*m = 16*m - y. What are the prime factors of m?
2, 5
Let i(f) = -66*f + 12. List the prime factors of i(-6).
2, 3, 17
List the prime factors of ((-94896)/(-120))/(6/15).
3, 659
Suppose 4*d - 17 = 3. Let q = 49 + d. What are the prime factors of q?
2, 3
Let x(z) = -7*z + 4*z - 1 + 0 + 4. Let a be x(2). Let y(b) = b**3 + 4*b**2 - b - 7. List the prime factors of y(a).
5
What are the prime factors of (-1)/(3/(-885)) + (-26 - -23)?
2, 73
Suppose 48 = -17*j - 20. Let n(s) = -2 + 3*s + 7 + s**3 + 5*s**2 + 0*s**3. List the prime factors of n(j).
3
Let y = -400 - -574. Suppose -y = -4*k - 6. Suppose 2*n + 4*q + k = 4*n, -q - 56 = -4*n. List the prime factors of n.
13
Let y(p) = p - 63. Let m(w) = 2*w - 126. Let n(f) = -4*m(f) + 7*y(f). What are the prime factors of n(0)?
3, 7
Let s(q) be the third derivative of -q**6/120 + 3*q**5/20 + 5*q**4/24 + q**3/2 - 9*q**2. List the prime factors of s(9).
2, 3
Let t(g) = -2*g**3 + 2*g**2 - 2*g - 3. Suppose 0 = 3*a + 12, -u + 3*a + 9 = a. Let d = u - 3. List the prime factors of t(d).
5
Suppose 5*l = -5*d + 3870, 6*l - l - 3*d - 3846 = 0. List the prime factors of l.
3, 257
Let m be (24/16)/((-6)/(-16)). Let y be -1 + (m - (0 - -1)). List the prime factors of (-7)/((-21)/90) - y.
2, 7
Let o be (-12)/(7/2 - 28/14). List the prime factors of -18*(-124)/3*(-2)/o.
2, 3, 31
Let g(c) = c**3 - 19*c + 19*c + 70. List the prime factors of g(0).
2, 5, 7
Let w(i) = 7*i + 6. Let v be w(17). Let l = -58 + v. List the prime factors of l.
67
Suppose 12 = 4*x, -1 + 16 = s + 3*x. List the prime factors of (s/10)/(-1) + (-55944)/(-315).
3, 59
Let k be (-5)/(5/(-4))*(-7)/7. List the prime factors of (27/2)/(k/(-32)).
2, 3
Suppose -3*p - 5 = -11. Suppose -x - 6 = p. List the prime factors of (32 - 1)*x/(-8).
31
List the prime factors of (45/(-6)*-2)/(3/173).
5, 173
Let w(t) = t**2 - 2*t + 3*t**2 - t**3 - 5 + 1. Let c be w(3). Let n = 30 - c. What are the prime factors of n?
31
Suppose -2*y = -2*f - f - 1016, 0 = y - 4*f - 498. List the prime factors of y.
2, 257
Suppose -4*s = -2*x - 2*x, -5*x = -2*s - 12. What are the prime factors of 9/18*(2 + x)?
3
Let z be 1 + (2 - -1) + 134. Suppose -2*d - z = -5*d. List the prime factors of d.
2, 23
Let f(x) = x + 11. Let o be f(-8). Let g = -3 - -7. Suppose -g*p = o*q - 108, 2*q - 5*q = -p + 27. List the prime factors of p.
3
Let c = -98 - -215. What are the prime factors of c?
3, 13
Let m be ((-2)/(-4))/((-3)/(-120)). Suppose -4*v - m = 4*i, 5*v = -2*i + v - 20. Suppose -2*a + 14 + i = x, a + 70 = 3*x. List the prime factors of x.
2, 11
Let n(g) = g**3 - 9*g**2 + 10*g + 6. What are the prime factors of n(13)?
2, 7, 29
Let l(n) = n**3 - 8*n**2 - 8*n + 5. Suppose -3*r - 19 = w + 3*w, -3*w - 4*r - 23 = 0. Let b be w - -7 - (0 + -3). List the prime factors of l(b).
2, 7
Suppose 4*u = -5*b + 2*u + 5, 0 = -3*b - 5*u - 16. Suppose m = b*m - 2. List the prime factors of 0/((-3)/m) + 21.
3, 7
Let j be 58/18 + 6/(-27). Suppose -2*h = -h - j. Let k = 16 - h. List the prime factors of k.
13
Suppose -16163 = -12*u - 2531. List the prime factors of u.
2, 71
List the prime factors of 194/(5/(-4)*4/(-30)).
2, 3, 97
Suppose -2*v + 6*v + 48 = 0. Suppose -61 - 9 = -2*b. Let t = b + v. What are the prime factors of t?
23
Suppose 4*s + 84 = 5*c, -5*c = 4*s + s + 150. Let q be 4/26 - 100/s. Suppose -4*w + 2*l = -42, -q*l + 20 = -0. List the prime factors of w.
13
Let r = 4 - 1. Let i(b) = 2*b**3 - 3*b**r - 9 + b**2 + 13*b + 10*b**2. List the prime factors of i(12).
3
Suppose k = -2*g + g + 3600, -5*k - 2*g = -18009. List the prime factors of k.
3, 1201
Suppose 8*t = -439 + 511. List the prime factors of t.
3
Let g be (-7)/35 - (-1)/5. Let y = 3 + g. Suppose 0 = x - 0*x, -4*x = -y*m + 42. What are the prime factors of m?
2, 7
Suppose 14*m = 11*m - 1527. Let z = m - -794. What are the prime factors of z?
3, 5, 19
Suppose 1545*f - 1547*f + 2644 = 0. What are the prime factors of f?
2, 661
Suppose -15*t - 2*t = -0*t. Let s = -1 + 4. Suppose s = -t*b + b. What are the prime factors of b?
3
Suppose 3*o - 308 = 4*d, 2*d = 5*o - 3 - 501. Suppose -o = -2*t - 2*t. What are the prime factors of t?
5
Let c = -32 - -26. Let q be (-12)/16*c*-18. List the prime factors of ((-8)/12 - 0)*q.
2, 3
Let v(n) = n**2 + 5*n + 4. Let p be v(-3). List the prime factors of (2/4)/(p/(-236)).
59
Suppose -28446 = -1318*y + 1307*y. List the prime factors of y.
2, 3, 431
Let p(l) = -4*l**3 - l**2 - l. Let k be p(-1). Suppose k*v = -4 + 12. Suppose -7*b = -v*b - 140. List the prime factors of b.
2, 7
Let s be (-8 - 0)/4 + -1. Let j be (2 + s - -1)/2. Suppose p + j*p - 2 = 0. What are the prime factors of p?
2
Let l = 25 - 19. Suppose 3*c = l*c - 63. What are the prime factors of c?
3, 7
Let o(x) = 20*x**2 - 5. Let u(r) = -20*r**2 + 4. Let h(z) = -3*o(z) - 4*u(z). Suppose 2*q - 5*g = -27, 4*q - 2*g + g = -9. What are the prime factors of h(q)?
19
Let t(h) = -h**2 - 5*h - 3. Let o be t(-4). Suppose -2*m - o = -3. What are the prime factors of 2 - (-35 + (m - 0))?
2, 3
Suppose 0*j - 4 = -4*j, m = -3*j + 254. Let v = m - 155. Suppose 0 = 4*h + 4*n - 140, 0 = -5*h + 4*n + 115 + v. List the prime factors of h.
3, 13
Let w(n) = -57*n + 9. Suppose 4*a + 2 + 21 = -3*u, 2 = 4*a - 2*u. List the prime factors of w(a).
3, 41
Suppose 3*n - 5919 + 1001 = -5*k, -k + 2*n = -994. List the prime factors of k.
2, 17, 29
Let r(n) = 2*n**3 - 3*n**2 - 3*n + 2. Let d be r(2). Suppose -q - q + 50 = d. List the prime factors of q.
5
Suppose n - 5*x = 900, 2*n - 82 = x + 1673. List the prime factors of n.
5, 7
Let c(o) = o**3 - 3*o - 7. Let f be c(-2). List the prime factors of 2/f - 45725/(-225).
7, 29
Suppose 0 = 4*t - 184 - 560. Let m = -92 + t. What are the prime factors of m?
2, 47
Let k(r) = 3*r**3 - 11*r**2 + 27*r - 1. List the prime factors of k(8).
3, 349
Let l(c) = 5*c**3 - 10*c**2 + 32*c + 12. List the prime factors of l(9).
3, 5, 11, 19
Suppose 0 = -3*j + j + h + 15, h = -5*j + 27. Let x = -112 + 116. Suppose j*t = x*t + 64. List the prime factors of t.
2
Let t be 12/18 + (-534)/(-9). Let v = t - 28. What are the prime factors of v?
2
Let h(y) = 89*y**2 + 3*y + 3. List the prime factors of h(2).
5, 73
What are the prime factors of (83*-4)/((15/(-4))/15)?
2, 83
Let r = 92 + -85. Suppose 2*a - 3*k - 54 = 0, 2*a - r*a - k = -101. What are the prime factors of a?
3, 7
Let g(v) = 34*v**2 - v + 2. Let t be g(2). Let p = 206 - t. List the prime factors of p.
2, 5, 7
Suppose -x = -6*x + 5. List the prime factors of (-2 + 1)/(x/(-54)).
2, 3
Suppose 0 = y - 5*y + 336. Suppose -y = -4*p - p + l, -l - 4 = 0. What are the prime factors of p?
2
Suppose 66039 = 55*z - 23391. List the prime factors of z.
2, 3, 271
What are the prime factors of (-35 - -39)/(4/937)?
937
Suppose -5*f - 5*d = -8*d, -3*d = 0. Suppose 0 = -4*c, f = -l + 6*l - 5*c - 50. What are the prime factors of 2/l + 417/15?
2, 7
Suppose 0 = -3*p - 2*y + 1193, -2*y - 13 + 3 = 0. List the prime factors of p.
401
Suppose 3*h - 79 = 287. List the prime factors of h.
2, 61
Let s(i) = 13*i. Let o be 6/15 + 23/5. Let f be s(o). Suppose 25 = 5*j - f. List the prime factors of j.
2, 3
Let i(u) = -u**3 + 11*u**2 + 18*u - 4. Suppose 2*c = -10, 0 = -0*h - 2*h - 5*c + 25. Let m = 37 - h. List the prime factors of i(m).
2, 17
Let s(k) = -2*k + 324. Let c be s(0). Let r = -158 + c. What are the prime factors of r?
2, 83
Let y(l) = 2*l**2 + 21*l + 10. Let c be y(-10). Suppose 4*k + 104 - 556 = c. Let n = k - 67. What are the prime factors of n?
2, 23
Let l(f) = -f + 5. Let x be l(-6). Suppose 0 = 5*o - 74 - x. What are the prime factors of o?
17
Let h(z) be the first derivative of 3*z**2/2 + 207*z + 21. What are the prime factors of h(0)?
3, 23
What are the prime factors of ((-3)/24)/((-1)/164)*14?
7, 41
Let v(d) = 3*d**2 - 3*d + 4. Let n(x) = 8*x**2 - 9*x + 12. Let k(z) = -4*n(z) + 11*v(z). Let f be k(-5). What are the prime factors of (-102 + -21)*(-2)/